is 33415 (base 7) in base 16?
20f8
What is -ccc (base 16) in base 3?
-11111100
2033023 (base 4) to base 8
21713
5d43 (base 15) to base 13
906c
-22285 (base 9) to base 16
-39e3
a87 (base 13) to base 5
24201
Convert -ed1d (base 15) to base 10.
-50203
What is -232 (base 5) in base 8?
-103
What is -101001010100 (base 2) in base 14?
-d6c
753 (base 12) to base 10
1071
What is -41456 (base 9) in base 11?
-19602
686a (base 15) to base 13
a10b
Convert -1004400 (base 5) to base 12.
-9481
-134bb (base 13) to base 7
-206622
What is -2256 (base 7) in base 10?
-825
207 (base 15) to base 12
321
Convert -13e9 (base 16) to base 15.
-179c
3410 (base 9) to base 11
1991
61241 (base 8) to base 12
12741
What is 424112 (base 5) in base 4?
3133022
What is -1978 (base 10) in base 13?
-b92
What is ec (base 16) in base 4?
3230
What is 11aaa (base 16) in base 4?
101222222
What is -16c (base 13) in base 10?
-259
What is -123625 (base 7) in base 5?
-1213301
1151 (base 7) to base 8
654
Convert -110001001000001 (base 2) to base 4.
-12021001
-3319 (base 12) to base 10
-5637
What is 49b (base 14) in base 8?
1631
36e3 (base 15) to base 12
6920
2033 (base 5) to base 15
12d
1103 (base 5) to base 4
2121
What is -333222 (base 5) in base 15?
-36e2
What is -1972 (base 16) in base 6?
-50054
Convert 12002 (base 3) to base 16.
89
Convert 23296 (base 11) to base 8.
101526
Convert -2011324 (base 5) to base 15.
-9794
Convert -25681 (base 9) to base 8.
-41656
What is 1001101010100 (base 2) in base 4?
1031110
What is 154 (base 11) in base 14?
cc
What is -104134 (base 6) in base 10?
-8698
Convert 1766 (base 9) to base 8.
2514
What is -11110111 (base 3) in base 14?
-1285
What is 10134 (base 6) in base 14?
6ca
What is -352d (base 14) in base 11?
-6a52
-2ba6 (base 13) to base 8
-14365
-18430 (base 9) to base 14
-4904
1211 (base 8) to base 9
801
What is -10410 (base 5) in base 4?
-23122
-3123133 (base 4) to base 12
-8167
What is 42331 (base 5) in base 4?
230121
Convert 131030 (base 4) to base 13.
b09
-101101311 (base 4) to base 8
-212165
What is -a0e (base 15) in base 5?
-33024
469 (base 11) to base 14
2bd
What is 197 (base 15) in base 16?
16f
Convert 1486 (base 9) to base 12.
7a3
Convert -9956 (base 15) to base 9.
-48500
Convert -31152 (base 6) to base 10.
-4172
What is -23392 (base 13) in base 4?
-33231103
4409 (base 10) to base 2
1000100111001
303401 (base 6) to base 2
101111000111001
What is 379 (base 13) in base 12?
427
Convert -308 (base 10) to base 11.
-260
-232223 (base 5) to base 11
-6381
Convert -321 (base 8) to base 6.
-545
Convert 867 (base 11) to base 4.
100101
Convert 3333132 (base 5) to base 14.
17498
What is 302 (base 13) in base 12?
365
Convert -152111 (base 6) to base 9.
-22177
What is 21c (base 15) in base 9?
580
9069 (base 10) to base 11
68a5
-1100012002 (base 3) to base 13
-c014
Convert -36a (base 11) to base 13.
-27a
-10a (base 16) to base 10
-266
What is 32210011 (base 4) in base 11?
40900
What is -30011 (base 4) in base 8?
-1405
-cc0 (base 15) to base 14
-109a
-43342 (base 5) to base 15
-d32
Convert 24101 (base 6) to base 14.
13b7
Convert -1102120 (base 3) to base 13.
-621
What is 99 (base 14) in base 9?
160
What is -221102 (base 3) in base 16?
-2ae
Convert 710 (base 15) to base 4.
120312
What is -223aa (base 11) in base 3?
-1122111000
What is -246 (base 14) in base 4?
-13012
Convert 194 (base 10) to base 2.
11000010
Convert 2102111 (base 3) to base 8.
3350
Convert 102410 (base 5) to base 10.
3480
112222 (base 4) to base 14
758
-286 (base 10) to base 5
-2121
What is 2323 (base 4) in base 16?
bb
81a5 (base 14) to base 3
1010120200
Convert -20645 (base 9) to base 5.
-414044
Convert -1222100 (base 6) to base 7.
-361200
22667 (base 11) to base 7
164314
Convert -150 (base 15) to base 10.
-300
Convert 424 (base 10) to base 9.
521
What is 61a8 (base 16) in base 7?
132613
-1536a (base 11) to base 3
-1002211000
-332 (base 4) to base 16
-3e
What is 5c1 (base 15) in base 4?
110122
What is 3443 (base 5) in base 10?
498
-5086 (base 9) to base 2
-111010001011
Convert 22ab3 (base 12) to base 10.
46503
What is 2213 (base 4) in base 7?
326
aa3 (base 14) to base 11
1642
10112222 (base 3) to base 6
15555
Convert -453035 (base 6) to base 2.
-1001010101101111
d3 (base 16) to base 5
1321
What is 4a9 (base 11) in base 12?
423
What is 243 (base 14) in base 4?
13003
-11011010100100 (base 2) to base 10
-13988
What is -13205 (base 7) in base 14?
-1405
What is a91a (base 11) in base 16?
3854
4aa37 (base 11) to base 9
121268
433414 (base 7) to base 13
28597
11221 (base 3) to base 2
10000101
-100203 (base 4) to base 14
-559
-3640 (base 12) to base 8
-13720
Convert -2762 (base 9) to base 11.
-1622
What is -aa6 (base 11) in base 5?
-20301
What is 1313321 (base 4) in base 10?
7673
-27b2 (base 12) to base 2
-1000111110110
-1929 (base 13) to base 14
-1521
-2a955 (base 12) to base 16
-ead1
-8f7 (base 16) to base 13
-1077
223320 (base 4) to base 13
1380
Convert -1011001100110010 (base 2) to base 8.
-131462
-14a (base 12) to base 2
-11001010
What is 302113 (base 4) in base 6?
22531
What is -33511 (base 6) in base 12?
-2897
Convert -168 (base 12) to base 16.
-e0
-116 (base 11) to base 6
-350
212020 (base 3) to base 14
32b
What is -1010011211 (base 3) in base 7?
-121066
Convert 111011001 (base 3) to base 11.
7225
What is 18371 (base 9) in base 16?
319c
What is 11122 (base 4) in base 12?
24a
Convert -2107 (base 13) to base 10.
-4570
What is 112333 (base 4) in base 16?
5bf
What is -304 (base 14) in base 16?
-250
What is -212 (base 9) in base 15?
-b8
-1465 (base 10) to base 13
-889
Convert 16934 (base 13) to base 5.
2341212
What is 5b7 (base 12) in base 2?
1101011011
-3761 (base 9) to base 8
-5371
Convert 11021222201 (base 3) to base 2.
10100101001001100
What is 271 (base 14) in base 4?
13223
What is -9210 (base 14) in base 16?
-620e
What is 475 (base 10) in base 4?
13123
What is 10a7 (base 11) in base 9?
1878
226 (base 12) to base 14
18a
Convert -34410 (base 6) to base 9.
-6646
What is 909 (base 11) in base 2?
10001001010
What is 3574 (base 8) in base 13?
b45
What is -241 (base 12) in base 15?
-177
What is -651 (base 8) in base 6?
-1545
Convert 19b08 (base 12) to base 3.
1220221222
Convert 5243 (base 8) to base 3.
10201212
108358 (base 9) to base 3
10022101222
Convert 1000000101100 (base 2) to base 8.
10054
What is -5257 (base 13) in base 2?
-10110010000011
12152 (base 6) to base 13
a82
What is 22053 (base 8) in base 16?
242b
307 (base 14) to base 7
1510
-37222 (base 8) to base 5
-1003033
299 (base 11) to base 16
15e
What is -100231 (base 4) in base 16?
-42d
Convert 3410 (base 6) to base 13.
495
-238 (base 11) to base 6
-1151
-3a9 (base 15) to base 13
-4c2
Convert -31103 (base 7) to base 6.
-55102
Convert -ab45 (base 14) to base 10.
-29657
Convert 22054 (base 8) to base 5.
244020
Convert -2655 (base 9) to base 10.
-1994
Convert -100534 (base 6) to base 9.
-11844
What is c3 (base 15) in base 5?
1213
Convert 546 (base 10) to base 15.
266
-28ab (base 15) to base 10
-8711
Convert -10110100011111 (base 2) to base 13.
-5347
12331130 (base 4) to base 13
cc8c
What is -120532 (base 6) in base 16?
-2948
What is 10010111100111111 (base 2) in base 5?
4441011
198 (base 13) to base 7
600
Convert 10320123 (base 4) to base 6.
232323
-15696 (base 10) to base 2
-11110101010000
What is -405 (base 15) in base 2?
-1110001001
-10112 (base 5) to base 13
-3b7
What is -14041 (base 5) in base 14?
-5bc
What is 211223 (base 7) in base 14?
d413
-10a2 (base 14) to base 12
-1806
Convert -5361 (base 10) to base 9.
-7316
Convert -106632 (base 8) to base 11.
-25265
What is -1001121 (base 3) in base 2?
-1100000100
Convert 165 (base 14) to base 2.
100011101
266050 (base 7) to base 8
141701
What is 25463 (base 7) in base 3?
100021022
2825a (base 11) to base 6
510141
Convert -1630 (base 7) to base 12.
-46a
-1343432 (base 5) to base 7
-144416
Convert -31312 (base 7) to base 4.
-1320112
What is 8c2 (base 16) in base 9?
3061
What is -120 (base 4) in base 16?
-18
Convert 41223 (base 5) to base 11.
2024
Convert -1000001 (base 2) to base 7.
-122
Convert 1131 (base 6) to base 12.
1a7
221022 (base 5) to base 8
16725
What is 7dc (base 16) in base 2?
11111011100
-190 (base 16) to base 15
-1ba
What is 3202 (base 5) in base 16?
1ab
Convert -22201022 (base 3)